- 107*v - v**2 + 35*v + 61*v. Calculate b(-13).
-9
Suppose -3*n + 10 = -5*n. Let k(l) = 0*l - l - 6*l**2 - l**3 + 2*l - 6 - 9*l. Determine k(n).
9
Let m(j) = -2*j**3 + j**2 - 2*j. Let w(o) = -o**3 - o. Let z(k) = -m(k) + w(k). Let d be z(2). Let i(n) = -n**2 + 7*n - 4. What is i(d)?
2
Let y(t) = -222*t + 3*t**2 - 4*t**2 + 216*t. Determine y(-6).
0
Let l(t) = -t**2 + 15*t - 6. Let x = 723 - 707. What is l(x)?
-22
Suppose -2*m = -0*m - 6. Let p(b) = -4*b + m*b**3 + b**3 - 2*b**3 - 3*b**3 + 6*b**2. Give p(5).
5
Let w(o) be the first derivative of 3*o**4 - o**3/3 - o**2/2 + o + 37. Calculate w(1).
11
Let x(n) = -n**2 + 5*n - 4. Let m be x(3). Let b(u) = -4*u + u**m + 6*u - u. Suppose -2*v = -2*a - 12, 2*v = 5*a + 4*v + 2. Give b(a).
2
Let x be -1 - (-2)/(-8)*-4. Let g(j) = j - 8. What is g(x)?
-8
Let o(i) = -i**2 - 8*i - 14. Let j be o(-4). Let z(k) = j*k**2 - 4 + 3*k - k - 9*k - 3*k**2. Let b be (1 - 5) + (0 - 2). Determine z(b).
2
Suppose 2*c - 6 = 0, 4*u - 4*c + 5*c = 11. Let v(k) = u*k**2 - 3 - 9*k**2 + 9*k + 6*k**2 - 4*k. Let l = -16 - -22. Give v(l).
-9
Let h(d) = 6*d + 10 + 0*d - 5*d - 4. What is h(0)?
6
Let n(r) = 18*r + 6 - 10*r - 6*r - 19 - 6*r. Determine n(-4).
3
Let u(b) = b + 2. Suppose 317 = -5*z + 332. Determine u(z).
5
Let y(r) = -4*r**3 - r**3 + 4*r**3 - 7*r + 355 + 8*r**2 - 352. Determine y(7).
3
Let l(o) = -o**3 + 3*o**2 + 5*o - 5. Suppose -3*u + k + 6 = 0, -5*u + 0*u = 3*k - 10. Let c = u - 5. Let y = 7 + c. Calculate l(y).
-1
Suppose -7*v + 2*v + 20 = 0. Let p(c) = -c**2 - 5 - v + 0 + 9*c. Calculate p(8).
-1
Let a(d) = -2*d - 9. Let i(b) = b**2 - 12*b + 5. Let j be i(11). Let l be (-285)/45 - 2/j. Determine a(l).
3
Suppose 0*t = 4*t + 4, 2*a - 1 = t. Let c(g) = 0*g**2 - g**3 + 7*g - 8*g + 0*g**2. What is c(a)?
0
Let x(b) = -17*b**2 + 109*b + 95. Let n(j) = -3*j**2 + 22*j + 19. Let t(i) = 11*n(i) - 2*x(i). What is t(-23)?
-4
Let h be (0/2)/(0 - 2). Let a(t) = -17*t - 5. Let d(q) = 27*q + 8. Let p(u) = 8*a(u) + 5*d(u). Give p(h).
0
Let i be (-7)/(7/(-2)) + -32. Let j be 6/(-8) + i/(-8). Let w(c) = -14*c + 7*c + 8*c - j. Give w(-3).
-6
Let q(l) be the first derivative of -3*l**2 - 1/3*l**3 - l - 25. Give q(-7).
-8
Let x = -68 - -72. Let p(c) be the first derivative of 0*c**3 - 2*c**x - c - 3 + 1/2*c**2. Give p(1).
-8
Let z(i) = -9*i**3 - 3*i**2 + 2*i + 4. Let h(u) = -19*u**3 - 6*u**2 + 5*u + 9. Let b(r) = -3*h(r) + 7*z(r). What is b(-1)?
5
Let r(l) = -9*l + 9. Let t(c) = 10*c - 10. Let j(n) = 7*r(n) + 6*t(n). Calculate j(2).
-3
Let j(t) = -t + 80. Let d be j(-27). Suppose -d*p = -110*p + 12. Let a(s) = 2*s**2 - 6*s + 2. Give a(p).
10
Let v = -76 - -82. Let g(h) be the second derivative of -h**5/20 + 7*h**4/12 - 5*h**3/6 - 3*h**2 + 4*h. Give g(v).
0
Let w(b) be the second derivative of b**7/1260 - b**6/720 + b**5/120 - 7*b**4/12 + 22*b. Let d(l) be the third derivative of w(l). Determine d(2).
7
Let w(k) be the first derivative of 2*k - 1/3*k**3 + k**2 + 31. Calculate w(3).
-1
Let i(j) = -6*j**2 - 14*j - 2. Let h be i(-2). Let g(o) = 8*o**2 + 6. Let w(l) = -3*l**2 - 2. Let v(u) = -4*g(u) - 11*w(u). Calculate v(h).
2
Let k(i) = -i**3 - 4*i**2 - i - 1. Let v = -31 - -31. Suppose 4*o - 6*o - 6 = v. What is k(o)?
-7
Let z(b) = b**3 - b**2 - b. Let t(j) = -12 - 4 - 5 - j + 6. Let g(q) = -2*q**3 + 5*q**2 - 3*q + 4. Let h be g(3). Let n be t(h). What is z(n)?
-1
Let h = -67 + 116. Let p(j) = 22*j + 25*j - h*j. Suppose c - 5*z = -4 - 15, 3*z = 12. What is p(c)?
-2
Let t(h) = h**2 + 2*h + 1. Let c(n) = n**3 - 4*n**2 - 15*n - 5. Let i(z) = c(z) + 6*t(z). Calculate i(-3).
1
Let p(y) = -2*y**2 - 5*y + 5. Let z be p(-4). Let h(m) = -m**2 - 6*m + 1. Give h(z).
-6
Let r(f) be the first derivative of f**4/4 + 7*f**3/3 - 4*f**2 + 7*f + 681. What is r(-8)?
7
Let p(j) = -7*j + 107. Let r(k) = 20*k - 300. Let g(i) = 17*p(i) + 6*r(i). Determine g(-11).
8
Let m(y) = 13*y + 2. Let s(k) = -k**2 + 28*k - 114. Let u be s(23). Calculate m(u).
15
Let h(x) be the second derivative of -x**4/12 - 2*x**3/3 - 11*x**2/2 - 8*x. Let q(z) be the first derivative of h(z). Calculate q(4).
-12
Let n(h) = 8*h - 1. Let u(f) = -94*f + 2. Let s(d) = 12*n(d) + u(d). What is s(13)?
16
Let n be (-3)/(-9) - 14/6. Let t(q) = -5*q**3 - 4*q**2 + q + 1. Let h(w) = 11*w**3 + 8*w**2 - 3*w - 2. Let f(m) = 3*h(m) + 7*t(m). What is f(n)?
5
Let f(i) = i + 8. Let c be f(-6). Let l(s) = 2*s - 4 - 3*s + s + c*s. Suppose -22*m = -23*m - 3. Calculate l(m).
-10
Suppose -12*y - 2 = -13*y. Suppose j - 1 = -w, w + y*j - 4 = -0. Let g(q) = -q**3 + q. Determine g(w).
6
Let j = 73 - 67. Let p(f) = f**3 - 11*f**2 - 5*f - 4. Let u(y) = y**2 + y + 1. Let l(n) = -p(n) - 5*u(n). Determine l(j).
-1
Let f be 1*(4/(-1) - -84). Let l(g) = -2*g**3 - 5*g - f + 78 + 2*g**2 + 3*g**3. Calculate l(-3).
4
Let w(k) = 2*k - 16. Let l be w(11). Suppose l = -m + 12. Let b(f) = f**3 - 7*f**2 + 5*f - 3. Give b(m).
-9
Suppose -k = -4*k + 9. Let l(n) = 2*n - 1. Let y(b) = 4*b - 2. Let u(q) = -5*q. Let g be u(1). Let z(s) = g*l(s) + k*y(s). What is z(-2)?
-5
Let c be (495/22)/(-9)*(-3 - -1). Let w(o) be the second derivative of 0 - 1/2*o**3 - 5/12*o**4 - 3*o + 1/20*o**c + o**2. Give w(5).
-13
Suppose -3*b = -l - 7 - 5, -2*b + 5*l + 8 = 0. Let n = b + 1. Let h(j) = 0*j**2 - 7*j**2 - 2*j - 3 + 2*j**2 + n*j + j**3. Give h(2).
-9
Let n(f) be the third derivative of f**4/24 - 10*f**3/3 - f**2 + 17. Determine n(14).
-6
Let x(z) = 2*z - 2. Suppose 7 = -k + 2. Let t be 30/(-50) - 78/k. Suppose -3 = -3*i - t. Determine x(i).
-10
Let t(p) = p**3 + 14*p**2 - 13*p + 25. Let o be t(-15). Let w(y) = -2*y**2 - 9*y + 8. Give w(o).
3
Let g(l) = 2*l**3 - 7*l**2 - 18*l + 6. Let f be g(5). Let u(w) = w + 5. Calculate u(f).
-4
Let d(z) be the first derivative of -10*z**3/3 + 2*z**2 + 4*z + 17. Let o(h) = -9*h**2 + 3*h + 3. Let s(p) = -6*d(p) + 7*o(p). Calculate s(-2).
-9
Let k(f) = f - 4*f**2 - 84*f**3 + 3*f**2 - 78*f**3 - f**2 + 158*f**3. Give k(1).
-5
Let h be (21 - 16)/(-1 - -4). Let z(v) be the first derivative of -4 + 3*v**2 - h*v**3 + 1/4*v**4 - 2*v. Give z(4).
6
Let h = -62 + 64. Let w(s) = -s**3 + 2*s**2 + 2*s - 1. Calculate w(h).
3
Let h(z) be the first derivative of z**7/840 + z**6/120 - z**5/120 + z**4/8 - z**3/3 - 3. Let b(i) be the third derivative of h(i). Let m = 5 + -9. Give b(m).
-9
Let q be 26/(-195) + 160/75. Let r(j) = j**3 - 2*j + 1. Calculate r(q).
5
Let s(r) = r**2 - 8*r + 14. Suppose 2*l - 2 = -4, 0 = 3*p + 4*l - 17. Determine s(p).
7
Let o(k) = -5*k**2 - 10*k + 11. Let t(f) = 4*f**2 + 8*f - 9. Let a(d) = 5*o(d) + 6*t(d). Give a(4).
-23
Let a(r) = r**3 + 12*r**2 + 9*r - 2. Suppose 11*g + 148 - 27 = 0. Give a(g).
20
Suppose 0*n = 2*n + 6, 2*s = -3*n - 19. Let r = 2 + s. Let g(f) = -4 + f + 6 + 3 + 2. What is g(r)?
4
Let d(a) = 5*a - 8. Let f(t) = 4*t - 7. Let w(v) = -2*d(v) + 3*f(v). Let n(s) = -s + 4 - 8*s + 2*s + 3*s**2 - 2*s**2. Let y be n(7). What is w(y)?
3
Let y(u) = u**2 - 3*u + 6. Suppose 0 = -7*p + 10*p - 12. What is y(p)?
10
Let w(b) = b - 1. Let u be w(4). Let c(o) = -32*o + 26*o + 8*o. What is c(u)?
6
Let u(y) = y**2 - y + 6. Suppose -5*f + 5*j = -25, -f = -2*f + 2*j + 10. Suppose k - 12 = -f*k. Let h = k - 12. What is u(h)?
6
Let u(f) = f**3 + 2*f**2 - 14*f - 22. Let l be u(-4). Suppose 9 = 2*c - 3. Let p(q) = -q + q**3 - c*q**l + 6*q + 0*q - q. Calculate p(4).
-16
Let g(q) = -q**2 + 5*q - 2. Let n be (-10)/6 + 1/(-3). Let d be n - -1*(4 - -1). Suppose -d*p - 25 = -4*f, 2*f - 28 = -2*f + 4*p. Determine g(f).
2
Let z(b) = -5*b**3 + 1. Suppose i = -4*i + 105. Let u = -22 + i. Determine z(u).
6
Let d(h) be the third derivative of -h**6/120 - 7*h**5/60 - 5*h**4/24 + 5*h**3/6 - 2*h**2. Suppose -8*r + 845 = 893. Give d(r).
-1
Let s = -12 - -13. Let v(m) = 6*m + 2*m**2 - 4*m**2 - 6 - s + 3*m**2. Suppose 3*p - 9 = 4*z, -4*z - p = -2*p + 19. Determine v(z).
-7
Let x(j) = 4*j - 2. Let v be x(1). Let w(s) = 3*s**2 + v + 0*s**2 - 2*s**2 - 2*s**2. Calculate w(0).
2
Let i(b) = b**2 - 9*b. Let q be i(9). Suppose q = m + 1 - 6. Let d(k) = -2*k**2 - k. Let l(f) = -f**3 - 4*f**2 - 3*f. Let y(r) = m*d(r) - 2*l(r). What is y(1)?
1
Let w = -5 + 9. Let n(m) be the third derivative of m**6/120 - m**5/12 + 5*m**3/6 + 36*m**2. Give n(w).
-11
Let t(o) = -o**3 - 6*o**2 + 9*o - 1. Let h be t(-7). Let f be ((-12)/h)/(2/15). Let c(m)